{"id":37979,"date":"2023-09-26T12:30:42","date_gmt":"2023-09-26T16:30:42","guid":{"rendered":"https:\/\/ucb.edu.bo\/oruro\/?page_id=37979"},"modified":"2025-11-11T11:59:27","modified_gmt":"2025-11-11T15:59:27","slug":"contacto","status":"publish","type":"page","link":"https:\/\/ucb.edu.bo\/oruro\/contacto\/","title":{"rendered":"Contacto"},"content":{"rendered":"<p><div class=\"fusion-fullwidth fullwidth-box fusion-builder-row-1 fusion-flex-container has-pattern-background has-mask-background hundred-percent-fullwidth non-hundred-percent-height-scrolling\" style=\"--awb-border-radius-top-left:0px;--awb-border-radius-top-right:0px;--awb-border-radius-bottom-right:0px;--awb-border-radius-bottom-left:0px;--awb-flex-wrap:wrap;\" ><div class=\"fusion-builder-row fusion-row fusion-flex-align-items-flex-start fusion-flex-content-wrap\" style=\"width:104% !important;max-width:104% !important;margin-left: calc(-4% \/ 2 );margin-right: calc(-4% \/ 2 );\"><div class=\"fusion-layout-column fusion_builder_column fusion-builder-column-0 fusion_builder_column_1_1 1_1 fusion-flex-column\" style=\"--awb-bg-size:cover;--awb-width-large:100%;--awb-margin-top-large:0px;--awb-spacing-right-large:1.92%;--awb-margin-bottom-large:20px;--awb-spacing-left-large:1.92%;--awb-width-medium:100%;--awb-order-medium:0;--awb-spacing-right-medium:1.92%;--awb-spacing-left-medium:1.92%;--awb-width-small:100%;--awb-order-small:0;--awb-spacing-right-small:1.92%;--awb-spacing-left-small:1.92%;\"><div class=\"fusion-column-wrapper fusion-column-has-shadow fusion-flex-justify-content-flex-start fusion-content-layout-column\"><div class=\"fusion-title title fusion-title-1 fusion-sep-none fusion-title-text fusion-title-size-two fusion-animated\" style=\"--awb-margin-left:2%;--awb-text-stroke-size:0px;--awb-text-stroke-color:#ffffff;--awb-font-size:30px;\" data-animationType=\"fadeInLeft\" data-animationDuration=\"0.9\" data-animationOffset=\"top-into-view\"><h2 class=\"fusion-title-heading title-heading-left awb-gradient-text\" style=\"font-family:&quot;Raleway&quot;;font-style:normal;font-weight:600;margin:0;font-size:1em;background-color:#0066ff;background-image:linear-gradient(180deg, #0066ff 0%,#00defc 100%);\">Vis\u00edtanos en la ciudad de Oruro<\/h2><\/div><\/div><\/div><div class=\"fusion-layout-column fusion_builder_column fusion-builder-column-1 fusion_builder_column_1_3 1_3 fusion-flex-column\" style=\"--awb-bg-size:cover;--awb-width-large:33.333333333333%;--awb-margin-top-large:0px;--awb-spacing-right-large:0%;--awb-margin-bottom-large:0px;--awb-spacing-left-large:1.44%;--awb-width-medium:33.333333333333%;--awb-order-medium:0;--awb-spacing-right-medium:0%;--awb-spacing-left-medium:1.44%;--awb-width-small:100%;--awb-order-small:0;--awb-spacing-right-small:0%;--awb-spacing-left-small:0%;\"><div class=\"fusion-column-wrapper fusion-column-has-shadow fusion-flex-justify-content-flex-start fusion-content-layout-column\"><div class=\"fusion-text fusion-text-1\" style=\"--awb-margin-left:5%;\"><p><strong>Direcci\u00f3n:<\/strong><\/p>\n<p>Calle Tom\u00e1s Fr\u00edas 1460 entre La Salle y Bulla\u00edn &#8211; Zona Sud<\/p><\/p>\n<\/div><div class=\"fusion-text fusion-text-2\" style=\"--awb-margin-left:5%;\"><p><strong>WhatsApp<\/strong>: 62635355 &#8211; 76712292<\/p>\n<p><strong>E-mail:<\/strong> <a href=\"mailto:sede.sucre@ucb.edu.bo\" target=\"_blank\" rel=\"noopener\">sede.oruro@ucb.edu.bo<\/a><\/p>\n<\/div><\/div><\/div><div class=\"fusion-layout-column fusion_builder_column fusion-builder-column-2 fusion_builder_column_1_2 1_2 fusion-flex-column fusion-no-large-visibility\" style=\"--awb-bg-size:cover;--awb-width-large:50%;--awb-margin-top-large:0px;--awb-spacing-right-large:3.84%;--awb-margin-bottom-large:20px;--awb-spacing-left-large:3.84%;--awb-width-medium:50%;--awb-order-medium:0;--awb-spacing-right-medium:3.84%;--awb-spacing-left-medium:3.84%;--awb-width-small:100%;--awb-order-small:0;--awb-spacing-right-small:1.92%;--awb-spacing-left-small:1.92%;\"><div class=\"fusion-column-wrapper fusion-column-has-shadow fusion-flex-justify-content-flex-start fusion-content-layout-column\"><div ><a class=\"fusion-button button-3d fusion-button-default-size button-custom fusion-button-default button-1 fusion-button-span-yes fusion-animated fusion-has-button-gradient\" style=\"--button_bevel_color:rgba(45,42,0,0.4);--button_bevel_color_hover:rgba(0,0,0,0.62);--button_accent_color:var(--awb-color1);--button_accent_hover_color:var(--awb-color1);--button_border_hover_color:var(--awb-color1);--button-border-radius-top-left:12px;--button-border-radius-top-right:12px;--button-border-radius-bottom-right:12px;--button-border-radius-bottom-left:12px;--button_gradient_top_color:#fca400;--button_gradient_bottom_color:#f2b500;--button_gradient_top_color_hover:#004499;--button_gradient_bottom_color_hover:#008fef;--button_margin-bottom:1%;--button_margin-left:5%;width:calc(100% - 5%);\" data-animationType=\"slideInRight\" data-animationDuration=\"0.9\" data-animationOffset=\"top-into-view\" target=\"_blank\" rel=\"noopener noreferrer\" href=\"https:\/\/maps.app.goo.gl\/hsJoiY5ZfWQyFUPD8\"><i class=\"fa-map-marker-alt fas awb-button__icon awb-button__icon--default button-icon-left\" aria-hidden=\"true\"><\/i><span class=\"fusion-button-text awb-button__text awb-button__text--default\">Ver en Google Maps<\/span><\/a><\/div><div ><a class=\"fusion-button button-3d fusion-button-default-size button-custom fusion-button-default button-2 fusion-button-span-yes fusion-animated fusion-has-button-gradient\" style=\"--button_bevel_color:rgba(45,42,0,0.4);--button_bevel_color_hover:rgba(0,0,0,0.62);--button_accent_color:var(--awb-color1);--button_accent_hover_color:var(--awb-color1);--button_border_hover_color:var(--awb-color1);--button-border-radius-top-left:12px;--button-border-radius-top-right:12px;--button-border-radius-bottom-right:12px;--button-border-radius-bottom-left:12px;--button_gradient_top_color:#fca400;--button_gradient_bottom_color:#f2b500;--button_gradient_top_color_hover:#004499;--button_gradient_bottom_color_hover:#008fef;--button_margin-top:2%;--button_margin-bottom:1%;--button_margin-left:5%;width:calc(100% - 5%);\" data-animationType=\"slideInRight\" data-animationDuration=\"0.9\" data-animationOffset=\"top-into-view\" target=\"_blank\" rel=\"noopener noreferrer\" href=\"https:\/\/api.whatsapp.com\/send?phone=59169418138&amp;text=Hola%20me%20gustar%C3%ADa%20saber%20m%C3%A1s%20sobre:\"><i class=\"fa-whatsapp fab awb-button__icon awb-button__icon--default button-icon-left\" aria-hidden=\"true\"><\/i><span class=\"fusion-button-text awb-button__text awb-button__text--default\">Escr\u00edbenos al WhatsApp<\/span><\/a><\/div><div ><a class=\"fusion-button button-3d fusion-button-default-size button-custom fusion-button-default button-3 fusion-button-span-yes fusion-animated fusion-has-button-gradient\" style=\"--button_bevel_color:rgba(45,42,0,0.4);--button_bevel_color_hover:rgba(0,0,0,0.62);--button_accent_color:var(--awb-color1);--button_accent_hover_color:var(--awb-color1);--button_border_hover_color:var(--awb-color1);--button-border-radius-top-left:12px;--button-border-radius-top-right:12px;--button-border-radius-bottom-right:12px;--button-border-radius-bottom-left:12px;--button_gradient_top_color:#fca400;--button_gradient_bottom_color:#f2b500;--button_gradient_top_color_hover:#004499;--button_gradient_bottom_color_hover:#008fef;--button_margin-top:2%;--button_margin-bottom:1%;--button_margin-left:5%;width:calc(100% - 5%);\" data-animationType=\"slideInRight\" data-animationDuration=\"0.9\" data-animationOffset=\"top-into-view\" target=\"_blank\" rel=\"noopener noreferrer\" href=\"emailto:posgrado.oruro@ucb.edu.bo\"><i class=\"fa-envelope fas awb-button__icon awb-button__icon--default button-icon-left\" aria-hidden=\"true\"><\/i><span class=\"fusion-button-text awb-button__text awb-button__text--default\">Escr\u00edbenos al E-mail<\/span><\/a><\/div><\/div><\/div><div class=\"fusion-layout-column fusion_builder_column fusion-builder-column-3 fusion_builder_column_1_5 1_5 fusion-flex-column fusion-no-small-visibility fusion-no-medium-visibility\" style=\"--awb-bg-size:cover;--awb-width-large:20%;--awb-margin-top-large:0px;--awb-spacing-right-large:9.6%;--awb-margin-bottom-large:20px;--awb-spacing-left-large:9.6%;--awb-width-medium:20%;--awb-order-medium:0;--awb-spacing-right-medium:9.6%;--awb-spacing-left-medium:9.6%;--awb-width-small:100%;--awb-order-small:0;--awb-spacing-right-small:1.92%;--awb-spacing-left-small:1.92%;\"><div class=\"fusion-column-wrapper fusion-column-has-shadow fusion-flex-justify-content-flex-start fusion-content-layout-column\"><div ><a class=\"fusion-button button-3d fusion-button-default-size button-custom fusion-button-default button-4 fusion-button-span-no fusion-animated fusion-has-button-gradient\" style=\"--button_bevel_color:rgba(45,42,0,0.4);--button_bevel_color_hover:rgba(0,0,0,0.62);--button_accent_color:var(--awb-color1);--button_accent_hover_color:var(--awb-color1);--button_border_hover_color:var(--awb-color1);--button-border-radius-top-left:12px;--button-border-radius-top-right:12px;--button-border-radius-bottom-right:12px;--button-border-radius-bottom-left:12px;--button_gradient_top_color:#fca400;--button_gradient_bottom_color:#f2b500;--button_gradient_top_color_hover:#004499;--button_gradient_bottom_color_hover:#008fef;--button_margin-bottom:1%;--button_margin-left:5%;\" data-animationType=\"slideInRight\" data-animationDuration=\"0.9\" data-animationOffset=\"top-into-view\" target=\"_blank\" rel=\"noopener noreferrer\" href=\"https:\/\/maps.app.goo.gl\/7KKizPUz3gTW1XfC9\"><i class=\"fa-map-marker-alt fas awb-button__icon awb-button__icon--default button-icon-left\" aria-hidden=\"true\"><\/i><span class=\"fusion-button-text awb-button__text awb-button__text--default\">Ver en Google Maps<\/span><\/a><\/div><div ><a class=\"fusion-button button-3d fusion-button-default-size button-custom fusion-button-default button-5 fusion-button-span-no fusion-animated fusion-has-button-gradient\" style=\"--button_bevel_color:rgba(45,42,0,0.4);--button_bevel_color_hover:rgba(0,0,0,0.62);--button_accent_color:var(--awb-color1);--button_accent_hover_color:var(--awb-color1);--button_border_hover_color:var(--awb-color1);--button-border-radius-top-left:12px;--button-border-radius-top-right:12px;--button-border-radius-bottom-right:12px;--button-border-radius-bottom-left:12px;--button_gradient_top_color:#fca400;--button_gradient_bottom_color:#f2b500;--button_gradient_top_color_hover:#004499;--button_gradient_bottom_color_hover:#008fef;--button_margin-top:2%;--button_margin-bottom:1%;--button_margin-left:5%;\" data-animationType=\"slideInRight\" data-animationDuration=\"0.9\" data-animationOffset=\"top-into-view\" target=\"_blank\" rel=\"noopener noreferrer\" href=\"https:\/\/api.whatsapp.com\/send?phone=59176712292&amp;text=Hola%20me%20gustar%C3%ADa%20saber%20m%C3%A1s%20sobre:\"><i class=\"fa-whatsapp fab awb-button__icon awb-button__icon--default button-icon-left\" aria-hidden=\"true\"><\/i><span class=\"fusion-button-text awb-button__text awb-button__text--default\">Escr\u00edbenos al WhatsApp<\/span><\/a><\/div><\/div><\/div><div class=\"fusion-layout-column fusion_builder_column fusion-builder-column-4 fusion_builder_column_1_5 1_5 fusion-flex-column fusion-no-small-visibility fusion-no-medium-visibility\" style=\"--awb-bg-size:cover;--awb-width-large:20%;--awb-margin-top-large:0px;--awb-spacing-right-large:9.6%;--awb-margin-bottom-large:20px;--awb-spacing-left-large:9.6%;--awb-width-medium:20%;--awb-order-medium:0;--awb-spacing-right-medium:9.6%;--awb-spacing-left-medium:9.6%;--awb-width-small:100%;--awb-order-small:0;--awb-spacing-right-small:1.92%;--awb-spacing-left-small:1.92%;\"><div class=\"fusion-column-wrapper fusion-column-has-shadow fusion-flex-justify-content-flex-start fusion-content-layout-column\"><div ><a class=\"fusion-button button-3d fusion-button-default-size button-custom fusion-button-default button-6 fusion-button-span-no fusion-animated fusion-has-button-gradient\" style=\"--button_bevel_color:rgba(45,42,0,0.4);--button_bevel_color_hover:rgba(0,0,0,0.62);--button_accent_color:var(--awb-color1);--button_accent_hover_color:var(--awb-color1);--button_border_hover_color:var(--awb-color1);--button-border-radius-top-left:12px;--button-border-radius-top-right:12px;--button-border-radius-bottom-right:12px;--button-border-radius-bottom-left:12px;--button_gradient_top_color:#fca400;--button_gradient_bottom_color:#f2b500;--button_gradient_top_color_hover:#004499;--button_gradient_bottom_color_hover:#008fef;--button_margin-top:2%;--button_margin-bottom:1%;--button_margin-left:5%;\" data-animationType=\"slideInRight\" data-animationDuration=\"0.9\" data-animationOffset=\"top-into-view\" target=\"_blank\" rel=\"noopener noreferrer\" href=\"emailto:sede.sucre@ucb.edu.bo\"><i class=\"fa-envelope fas awb-button__icon awb-button__icon--default button-icon-left\" aria-hidden=\"true\"><\/i><span class=\"fusion-button-text awb-button__text awb-button__text--default\">Escr\u00edbenos al E-mail<\/span><\/a><\/div><\/div><\/div><\/div><\/div><div class=\"fusion-fullwidth fullwidth-box fusion-builder-row-2 fusion-flex-container has-pattern-background has-mask-background hundred-percent-fullwidth non-hundred-percent-height-scrolling\" style=\"--awb-border-radius-top-left:0px;--awb-border-radius-top-right:0px;--awb-border-radius-bottom-right:0px;--awb-border-radius-bottom-left:0px;--awb-padding-right:0px;--awb-padding-left:0px;--awb-padding-right-small:0px;--awb-padding-left-small:0px;--awb-flex-wrap:wrap;\" ><div class=\"fusion-builder-row fusion-row fusion-flex-align-items-flex-start fusion-flex-content-wrap\" style=\"width:104% !important;max-width:104% !important;margin-left: calc(-4% \/ 2 );margin-right: calc(-4% \/ 2 );\"><div class=\"fusion-layout-column fusion_builder_column fusion-builder-column-5 fusion_builder_column_1_1 1_1 fusion-flex-column\" style=\"--awb-padding-bottom:3px;--awb-padding-top-small:27px;--awb-padding-bottom-small:0px;--awb-bg-size:cover;--awb-width-large:100%;--awb-margin-top-large:0px;--awb-spacing-right-large:1.92%;--awb-margin-bottom-large:53px;--awb-spacing-left-large:1.92%;--awb-width-medium:100%;--awb-order-medium:0;--awb-spacing-right-medium:1.92%;--awb-spacing-left-medium:1.92%;--awb-width-small:100%;--awb-order-small:0;--awb-spacing-right-small:0%;--awb-margin-bottom-small:6px;--awb-spacing-left-small:0%;\"><div class=\"fusion-column-wrapper fusion-column-has-shadow fusion-flex-justify-content-flex-start fusion-content-layout-column\"><iframe src=\"https:\/\/www.google.com\/maps\/embed?pb=!1m14!1m12!1m3!1d415.8379936683642!2d-67.1260682207284!3d-17.979509856523574!2m3!1f0!2f0!3f0!3m2!1i1024!2i768!4f13.1!5e0!3m2!1ses-419!2sbo!4v1762876621554!5m2!1ses-419!2sbo\" width=\"600\" height=\"450\" style=\"border:0;\" allowfullscreen=\"\" loading=\"lazy\" referrerpolicy=\"no-referrer-when-downgrade\"><\/iframe><\/div><\/div><\/div><\/div><\/p>\n","protected":false},"excerpt":{"rendered":"","protected":false},"author":1,"featured_media":0,"parent":0,"menu_order":0,"comment_status":"closed","ping_status":"closed","template":"100-width.php","meta":{"inline_featured_image":false,"_joinchat":[],"footnotes":"","_links_to":"","_links_to_target":""},"class_list":["post-37979","page","type-page","status-publish","hentry"],"_links":{"self":[{"href":"https:\/\/ucb.edu.bo\/oruro\/wp-json\/wp\/v2\/pages\/37979","targetHints":{"allow":["GET"]}}],"collection":[{"href":"https:\/\/ucb.edu.bo\/oruro\/wp-json\/wp\/v2\/pages"}],"about":[{"href":"https:\/\/ucb.edu.bo\/oruro\/wp-json\/wp\/v2\/types\/page"}],"author":[{"embeddable":true,"href":"https:\/\/ucb.edu.bo\/oruro\/wp-json\/wp\/v2\/users\/1"}],"replies":[{"embeddable":true,"href":"https:\/\/ucb.edu.bo\/oruro\/wp-json\/wp\/v2\/comments?post=37979"}],"version-history":[{"count":7,"href":"https:\/\/ucb.edu.bo\/oruro\/wp-json\/wp\/v2\/pages\/37979\/revisions"}],"predecessor-version":[{"id":39046,"href":"https:\/\/ucb.edu.bo\/oruro\/wp-json\/wp\/v2\/pages\/37979\/revisions\/39046"}],"wp:attachment":[{"href":"https:\/\/ucb.edu.bo\/oruro\/wp-json\/wp\/v2\/media?parent=37979"}],"curies":[{"name":"wp","href":"https:\/\/api.w.org\/{rel}","templated":true}]}}