{"id":369,"date":"2018-02-06T13:54:42","date_gmt":"2018-02-06T13:54:42","guid":{"rendered":"https:\/\/ucb.edu.bo\/biblioteca\/?page_id=369"},"modified":"2025-03-19T14:22:18","modified_gmt":"2025-03-19T18:22:18","slug":"recursos","status":"publish","type":"page","link":"https:\/\/ucb.edu.bo\/biblioteca\/recursos\/","title":{"rendered":"Recursos"},"content":{"rendered":"<section class=\"wpb-content-wrapper\"><p>[vc_row][vc_column icons_position=&#8221;left&#8221;]<div id=\"sc_title_936598436\"\n\t\tclass=\"sc_title sc_title_default\"><h2 class=\"sc_item_title sc_title_title sc_align_center sc_item_title_style_default\"><span class=\"sc_item_title_text\">Recursos<\/span><\/h2><\/div><!-- \/.sc_title -->[vc_empty_space height=&#8221;&#8221; alter_height=&#8221;medium&#8221; hide_on_desktop=&#8221;&#8221; hide_on_notebook=&#8221;&#8221; hide_on_tablet=&#8221;&#8221; hide_on_mobile=&#8221;&#8221;][\/vc_column][\/vc_row][vc_row hide_bg_image_on_tablet=&#8221;&#8221; hide_bg_image_on_mobile=&#8221;&#8221; css=&#8221;.vc_custom_1700685677143{margin-bottom: 35px !important;}&#8221;][vc_column width=&#8221;1\/3&#8243; icons_position=&#8221;left&#8221;][vc_empty_space height=&#8221;1000px&#8221; hide_on_wide=&#8221;&#8221; hide_on_desktop=&#8221;&#8221; hide_on_notebook=&#8221;&#8221; hide_on_tablet=&#8221;&#8221; hide_on_mobile=&#8221;&#8221;][vc_single_image image=&#8221;3490&#8243; img_size=&#8221;1000&#215;1000&#8243; alignment=&#8221;center&#8221; onclick=&#8221;custom_link&#8221; link=&#8221;https:\/\/ucb.edu.bo\/biblioteca\/recursos-de-suscripcion\/&#8221;][vc_empty_space][vc_empty_space][vc_column_text]<\/p>\n<p>&nbsp;<\/p>\n<p style=\"text-align: center;\"><strong>RECURSOS DE SUSCRIPCI\u00d3N<\/strong><\/p>\n<p>Los recursos de suscripci\u00f3n son servicios o bases de datos que ofrecen acceso a contenido digital, como art\u00edculos, libros, revistas, peri\u00f3dicos, im\u00e1genes, videos, m\u00fasica, etc., nuestra universidad suscribe anualmente a estos.<\/p>\n<p>\u00bfQu\u00e9 ventajas tienes al acceder a los recursos de suscripci\u00f3n?<\/p>\n<ol>\n<li>Acceso a contenido de alta calidad: Los recursos de suscripci\u00f3n ofrecen acceso a contenido de alta calidad, relevancia y exclusivamente contenido acad\u00e9mico.<\/li>\n<li>Acceso remoto: Los usuarios pueden acceder a los recursos de suscripci\u00f3n desde cualquier lugar y en cualquier momento, mediante el SIAAN.<\/li>\n<li>Actualizaciones constantes: Los recursos de suscripci\u00f3n se actualizan constantemente con nuevo contenido.<\/li>\n<li>Personalizaci\u00f3n: Algunos recursos de suscripci\u00f3n permiten la personalizaci\u00f3n de la experiencia del usuario, como ser: crear tu lista, compartir documentos, guardar b\u00fasquedas, entre otros.<\/li>\n<\/ol>\n<p>La Comunidad UCB, puede acceder a estos recursos siguiendo las siguientes opciones:<\/p>\n<ol>\n<li>Si estas fuera de los campus de la UCB, desde el SIAAN, con tu cuenta de correo institucional, <a href=\"https:\/\/academico.ucb.edu.bo\/AcademicoNacional\/login\">https:\/\/academico.ucb.edu.bo\/AcademicoNacional\/login<\/a><\/li>\n<li>Si estas en alg\u00fan campus y te conectas a una red de internet UCB, los encuentras en la p\u00e1gina web del SINAB (Sistema Nacional de Bibliotecas UCB). Presiona el bot\u00f3n explorar.<\/li>\n<\/ol>\n<p>[\/vc_column_text][vc_empty_space]<div id=\"sc_button_726133159\"\tclass=\"sc_item_button sc_button_wrap sc_align_center\"><a href=\"https:\/\/ucb.edu.bo\/biblioteca\/recursos-de-suscripcion\/\" class=\"sc_button sc_button_default sc_button_size_normal sc_button_icon_left\"><span class=\"sc_button_text\"><span class=\"sc_button_title\">Explorar<\/span><\/span><!-- \/.sc_button_text --><\/a><!-- \/.sc_button --><\/div><!-- \/.sc_item_button -->[\/vc_column][vc_column width=&#8221;1\/3&#8243; icons_position=&#8221;left&#8221;][vc_single_image image=&#8221;3494&#8243; img_size=&#8221;1000&#215;500&#8243; alignment=&#8221;center&#8221; onclick=&#8221;custom_link&#8221; link=&#8221;https:\/\/ucb.edu.bo\/biblioteca\/recursos-de-acceso-abierto\/&#8221;][vc_empty_space][vc_empty_space][vc_column_text]<\/p>\n<p style=\"text-align: center;\"><strong>RECURSOS ABIERTOS<\/strong><\/p>\n<p>&nbsp;<\/p>\n<p>Los recursos abiertos son fundamentales para la investigaci\u00f3n y los trabajos acad\u00e9micos, ya que permiten el acceso libre y gratuito a informaci\u00f3n de alta calidad. Entre ellos, existen :<\/p>\n<ul>\n<li>Bases de datos<\/li>\n<li>Repositorios digitales<\/li>\n<li>Bibliotecas virtuales<\/li>\n<\/ul>\n<p>La UCB, te da una selecci\u00f3n de los recursos abiertos m\u00e1s importantes, como ser: Scielo, Latindex, Doab y no te olvides del Google acad\u00e9mico.<\/p>\n<p>Estos recursos est\u00e1n en la web, pero tambi\u00e9n puedes acceder de manera directa desde la p\u00e1gina web del SINAB (Sistema Nacional de Bibliotecas UCB),[\/vc_column_text][vc_empty_space]<div id=\"sc_button_1231013182\"\tclass=\"sc_item_button sc_button_wrap sc_align_center\"><a href=\"https:\/\/ucb.edu.bo\/biblioteca\/recursos-de-acceso-abierto\/\" class=\"sc_button sc_button_default sc_button_size_normal sc_button_icon_left\"><span class=\"sc_button_text\"><span class=\"sc_button_title\">Explorar<\/span><\/span><!-- \/.sc_button_text --><\/a><!-- \/.sc_button --><\/div><!-- \/.sc_item_button -->[\/vc_column][vc_column width=&#8221;1\/3&#8243; icons_position=&#8221;left&#8221;][vc_empty_space height=&#8221;5000px&#8221; hide_on_wide=&#8221;&#8221; hide_on_desktop=&#8221;&#8221; hide_on_notebook=&#8221;&#8221; hide_on_tablet=&#8221;&#8221; hide_on_mobile=&#8221;&#8221;][vc_empty_space height=&#8221;5000px&#8221; hide_on_wide=&#8221;&#8221; hide_on_desktop=&#8221;&#8221; hide_on_notebook=&#8221;&#8221; hide_on_tablet=&#8221;&#8221; hide_on_mobile=&#8221;&#8221;][vc_empty_space height=&#8221;5000px&#8221; hide_on_wide=&#8221;&#8221; hide_on_desktop=&#8221;&#8221; hide_on_notebook=&#8221;&#8221; hide_on_tablet=&#8221;&#8221; hide_on_mobile=&#8221;&#8221;][vc_empty_space height=&#8221;5000px&#8221; hide_on_wide=&#8221;&#8221; hide_on_desktop=&#8221;&#8221; hide_on_notebook=&#8221;&#8221; hide_on_tablet=&#8221;&#8221; hide_on_mobile=&#8221;&#8221;][vc_empty_space height=&#8221;1000px&#8221; hide_on_wide=&#8221;&#8221; hide_on_desktop=&#8221;&#8221; hide_on_notebook=&#8221;&#8221; hide_on_tablet=&#8221;&#8221; hide_on_mobile=&#8221;&#8221;][vc_single_image image=&#8221;3499&#8243; img_size=&#8221;1000&#215;1000&#8243; alignment=&#8221;center&#8221; onclick=&#8221;custom_link&#8221; link=&#8221;https:\/\/bibliotecas.ucb.edu.bo\/&#8221;][vc_empty_space height=&#8221;1000px&#8221; hide_on_wide=&#8221;&#8221; hide_on_desktop=&#8221;&#8221; hide_on_notebook=&#8221;&#8221; hide_on_tablet=&#8221;&#8221; hide_on_mobile=&#8221;&#8221;][vc_empty_space height=&#8221;1000px&#8221; hide_on_wide=&#8221;&#8221; hide_on_desktop=&#8221;&#8221; hide_on_notebook=&#8221;&#8221; hide_on_tablet=&#8221;&#8221; hide_on_mobile=&#8221;&#8221;][vc_column_text]<\/p>\n<p>&nbsp;<\/p>\n<p>&nbsp;<\/p>\n<p>&nbsp;<\/p>\n<p style=\"text-align: center;\"><strong>CAT\u00c1LOGO EN L\u00cdNEA (OPAC-KOHA)<\/strong><\/p>\n<p>&nbsp;<\/p>\n<p>El OPAC-UCB (Online Public Access Catalog) es un sistema de b\u00fasqueda en l\u00ednea que permite a los usuarios de la comunidad UCB, acceder y explorar el cat\u00e1logo de las bibliotecas de todas las Sedes de la UCB (tesis, libros, revistas, test y otros), si bien la mayor\u00eda de este material es f\u00edsico, tambi\u00e9n puedes encontrar libros digitales y toda la colecci\u00f3n de Tesis UCB a texto completo.<\/p>\n<p>\u00bfQu\u00e9 puedes hacer mediante el OPAC-KOHA?<\/p>\n<ol>\n<li>B\u00fasqueda avanzada: Permite a los usuarios realizar b\u00fasquedas avanzadas utilizando criterios como autor, t\u00edtulo, tema, ISBN, etc.<\/li>\n<li>Filtrado de resultados: Los resultados de la b\u00fasqueda se pueden filtrar por criterios como tipo de material, ubicaci\u00f3n, disponibilidad, etc.<\/li>\n<li>Visualizaci\u00f3n de detalles: Los usuarios pueden visualizar los detalles de un \u00edtem, como la descripci\u00f3n, el autor, el editor, la fecha de publicaci\u00f3n, etc.<\/li>\n<li>Reserva y pr\u00e9stamo: Los usuarios pueden reservar y solicitar pr\u00e9stamo de \u00edtems disponibles.<\/li>\n<li>Historial de pr\u00e9stamos: Los usuarios pueden visualizar su historial de pr\u00e9stamos.<\/li>\n<li>Pr\u00e9stamos interbibliotecarios, si encuentras un material impreso que no se localice en tu sede, solicita que realicen el pr\u00e9stamo a la Sede propietaria.<\/li>\n<\/ol>\n<p>Puedes acceder al cat\u00e1logo desde cualquier lugar, as\u00ed como desde tu celular, y solo para realizar reservas y pr\u00e9stamos debes identificarte con tu correo institucional.[\/vc_column_text][vc_empty_space hide_on_wide=&#8221;&#8221; hide_on_desktop=&#8221;&#8221; hide_on_notebook=&#8221;&#8221; hide_on_tablet=&#8221;&#8221; hide_on_mobile=&#8221;&#8221;]<div id=\"sc_button_682129462\"\tclass=\"sc_item_button sc_button_wrap sc_align_center\"><a href=\"https:\/\/bibliotecas.ucb.edu.bo\/\" class=\"sc_button sc_button_default sc_button_size_normal sc_button_icon_left\"><span class=\"sc_button_text\"><span class=\"sc_button_title\">Explorar<\/span><\/span><!-- \/.sc_button_text --><\/a><!-- \/.sc_button --><\/div><!-- \/.sc_item_button -->[\/vc_column][vc_column icons_position=&#8221;left&#8221;][vc_empty_space height=&#8221;64px&#8221; alter_height=&#8221;medium&#8221; hide_on_wide=&#8221;&#8221; hide_on_desktop=&#8221;&#8221; hide_on_notebook=&#8221;&#8221; hide_on_tablet=&#8221;&#8221; hide_on_mobile=&#8221;&#8221;][vc_empty_space height=&#8221;64px&#8221; alter_height=&#8221;medium&#8221; hide_on_wide=&#8221;&#8221; hide_on_desktop=&#8221;&#8221; hide_on_notebook=&#8221;&#8221; hide_on_tablet=&#8221;&#8221; hide_on_mobile=&#8221;&#8221;][\/vc_column][\/vc_row][vc_row hide_bg_image_on_tablet=&#8221;&#8221; hide_bg_image_on_mobile=&#8221;&#8221; css=&#8221;.vc_custom_1700685677143{margin-bottom: 35px !important;}&#8221;][vc_column icons_position=&#8221;left&#8221;][vc_empty_space height=&#8221;64px&#8221; alter_height=&#8221;medium&#8221; hide_on_wide=&#8221;&#8221; hide_on_desktop=&#8221;&#8221; hide_on_notebook=&#8221;&#8221; hide_on_tablet=&#8221;&#8221; hide_on_mobile=&#8221;&#8221;][vc_empty_space height=&#8221;64px&#8221; alter_height=&#8221;medium&#8221; hide_on_wide=&#8221;&#8221; hide_on_desktop=&#8221;&#8221; hide_on_notebook=&#8221;&#8221; hide_on_tablet=&#8221;&#8221; hide_on_mobile=&#8221;&#8221;][\/vc_column][\/vc_row][vc_row hide_bg_image_on_tablet=&#8221;&#8221; hide_bg_image_on_mobile=&#8221;&#8221; css=&#8221;.vc_custom_1700685677143{margin-bottom: 35px !important;}&#8221;][vc_column width=&#8221;1\/2&#8243; icons_position=&#8221;left&#8221;][vc_single_image image=&#8221;3495&#8243; img_size=&#8221;full&#8221; alignment=&#8221;center&#8221; onclick=&#8221;custom_link&#8221; link=&#8221;https:\/\/repositorio.ucb.edu.bo\/home&#8221;][vc_empty_space][vc_column_text]<\/p>\n<p style=\"text-align: center;\"><strong>REPOSITORIO INSTITUCIONAL UCB<\/strong><\/p>\n<p>Los recursos abiertos son fundamentales para la investigaci\u00f3n y los trabajos acad\u00e9micos, ya que permiten el acceso libre y gratuito a informaci\u00f3n de alta calidad. Entre ellos, existen :<\/p>\n<ul>\n<li>Bases de datos<\/li>\n<li>Repositorios digitales<\/li>\n<li>Bibliotecas virtuales<\/li>\n<\/ul>\n<p>La UCB, te da una selecci\u00f3n de los recursos abiertos m\u00e1s importantes, como ser: Scielo, Latindex, Doab y no te olvides del Google acad\u00e9mico.<\/p>\n<p>Estos recursos est\u00e1n en la web, pero tambi\u00e9n puedes acceder de manera directa desde la p\u00e1gina web del SINAB (Sistema Nacional de Bibliotecas UCB),[\/vc_column_text][vc_empty_space]<div id=\"sc_button_1585590736\"\tclass=\"sc_item_button sc_button_wrap sc_align_center\"><a href=\"https:\/\/repositorio.ucb.edu.bo\/home\" class=\"sc_button sc_button_default sc_button_size_normal sc_button_icon_left\"><span class=\"sc_button_text\"><span class=\"sc_button_title\">Explorar<\/span><\/span><!-- \/.sc_button_text --><\/a><!-- \/.sc_button --><\/div><!-- \/.sc_item_button -->[\/vc_column][vc_column width=&#8221;1\/2&#8243; icons_position=&#8221;left&#8221;][vc_single_image image=&#8221;3496&#8243; img_size=&#8221;full&#8221; alignment=&#8221;center&#8221; onclick=&#8221;custom_link&#8221; link=&#8221;https:\/\/ucb.edu.bo\/biblioteca\/revistas-ucb\/&#8221;][vc_empty_space][vc_column_text]<\/p>\n<p style=\"text-align: center;\"><strong>REVISTAS UCB<\/strong><\/p>\n<p>Las revistas institucionales UCB, son publicaciones peri\u00f3dicas que presentan art\u00edculos e investigaciones originales en diversas \u00e1reas del conocimiento, tales como, el derecho, comunicaci\u00f3n social, econom\u00eda, cultura, humanidades, entre otros temas.<\/p>\n<p>Las revistas est\u00e1n indexadas en diferentes portales internacionales, y son una fuente fundamental de informaci\u00f3n para la investigaci\u00f3n acad\u00e9mica y cient\u00edfica, y su calidad y relevancia son garantizadas por los criterios de selecci\u00f3n y evaluaci\u00f3n a los que son sometidos sus contenidos.<\/p>\n<p>Son de acceso abierto, por lo que puedes consultarlas, presiona el bot\u00f3n explorar.[\/vc_column_text][vc_empty_space]<div id=\"sc_button_476290980\"\tclass=\"sc_item_button sc_button_wrap sc_align_center\"><a href=\"https:\/\/ucb.edu.bo\/biblioteca\/revistas-ucb\/\" class=\"sc_button sc_button_default sc_button_size_normal sc_button_icon_left\"><span class=\"sc_button_text\"><span class=\"sc_button_title\">Explorar<\/span><\/span><!-- \/.sc_button_text --><\/a><!-- \/.sc_button --><\/div><!-- \/.sc_item_button -->[\/vc_column][\/vc_row]<\/p>\n<\/section>","protected":false},"excerpt":{"rendered":"<p>[vc_row][vc_column icons_position=&#8221;left&#8221;][vc_empty_space height=&#8221;&#8221; alter_height=&#8221;medium&#8221; hide_on_desktop=&#8221;&#8221; hide_on_notebook=&#8221;&#8221; hide_on_tablet=&#8221;&#8221; hide_on_mobile=&#8221;&#8221;][\/vc_column][\/vc_row][vc_row hide_bg_image_on_tablet=&#8221;&#8221; hide_bg_image_on_mobile=&#8221;&#8221; css=&#8221;.vc_custom_1700685677143{margin-bottom: 35px&hellip;<\/p>\n","protected":false},"author":1,"featured_media":0,"parent":0,"menu_order":0,"comment_status":"closed","ping_status":"closed","template":"","meta":{"footnotes":""},"class_list":["post-369","page","type-page","status-publish","hentry"],"_links":{"self":[{"href":"https:\/\/ucb.edu.bo\/biblioteca\/wp-json\/wp\/v2\/pages\/369","targetHints":{"allow":["GET"]}}],"collection":[{"href":"https:\/\/ucb.edu.bo\/biblioteca\/wp-json\/wp\/v2\/pages"}],"about":[{"href":"https:\/\/ucb.edu.bo\/biblioteca\/wp-json\/wp\/v2\/types\/page"}],"author":[{"embeddable":true,"href":"https:\/\/ucb.edu.bo\/biblioteca\/wp-json\/wp\/v2\/users\/1"}],"replies":[{"embeddable":true,"href":"https:\/\/ucb.edu.bo\/biblioteca\/wp-json\/wp\/v2\/comments?post=369"}],"version-history":[{"count":43,"href":"https:\/\/ucb.edu.bo\/biblioteca\/wp-json\/wp\/v2\/pages\/369\/revisions"}],"predecessor-version":[{"id":3530,"href":"https:\/\/ucb.edu.bo\/biblioteca\/wp-json\/wp\/v2\/pages\/369\/revisions\/3530"}],"wp:attachment":[{"href":"https:\/\/ucb.edu.bo\/biblioteca\/wp-json\/wp\/v2\/media?parent=369"}],"curies":[{"name":"wp","href":"https:\/\/api.w.org\/{rel}","templated":true}]}}