{"id":238,"date":"2018-01-23T10:53:23","date_gmt":"2018-01-23T10:53:23","guid":{"rendered":"https:\/\/ucb.edu.bo\/biblioteca\/?page_id=238"},"modified":"2024-06-03T14:05:28","modified_gmt":"2024-06-03T18:05:28","slug":"servicios","status":"publish","type":"page","link":"https:\/\/ucb.edu.bo\/biblioteca\/servicios\/","title":{"rendered":"Servicios"},"content":{"rendered":"<section class=\"wpb-content-wrapper\"><p>[vc_row full_width=&#8221;stretch_row_content&#8221; content_placement=&#8221;middle&#8221; hide_bg_image_on_tablet=&#8221;&#8221; hide_bg_image_on_mobile=&#8221;&#8221; shape_divider_top_front=&#8221;&#8221; shape_divider_bottom_front=&#8221;&#8221; row_delimiter=&#8221;&#8221; row_hide_unfixed=&#8221;&#8221; hide_on_wide=&#8221;&#8221; hide_on_desktop=&#8221;&#8221; hide_on_notebook=&#8221;&#8221; hide_on_tablet=&#8221;&#8221; hide_on_mobile=&#8221;1&#8243; hide_on_frontpage=&#8221;&#8221; hide_on_singular=&#8221;&#8221; hide_on_other=&#8221;&#8221; css=&#8221;.vc_custom_1702398566897{background-image: url(https:\/\/ucb.edu.bo\/biblioteca\/wp-content\/uploads\/2018\/01\/BIBL_-11-2.webp?id=2407) !important;background-position: center !important;background-repeat: no-repeat !important;background-size: cover !important;}&#8221; el_class=&#8221;banner-grl-ucb&#8221;][vc_column width=&#8221;1\/2&#8243; icons_position=&#8221;left&#8221; css=&#8221;.vc_custom_1702396523139{background-color: rgba(6,77,144,0.8) !important;*background-color: rgb(6,77,144) !important;}&#8221;][vc_empty_space alter_height=&#8221;large&#8221; hide_on_wide=&#8221;&#8221; hide_on_desktop=&#8221;&#8221; hide_on_notebook=&#8221;&#8221; hide_on_tablet=&#8221;&#8221; hide_on_mobile=&#8221;1&#8243;][vc_empty_space alter_height=&#8221;large&#8221; hide_on_wide=&#8221;&#8221; hide_on_desktop=&#8221;&#8221; hide_on_notebook=&#8221;&#8221; hide_on_tablet=&#8221;&#8221; hide_on_mobile=&#8221;1&#8243;]<div id=\"sc_content_228562841\"\n\t\tclass=\"sc_content sc_content_default sc_content_width_1_1 sc_float_center ucb-titulo-banner1\"><h1 class=\"sc_item_title sc_content_title sc_align_left sc_item_title_style_default sc_item_title_tag trx_addons_inline_226362022\"><span class=\"sc_item_title_text\">Servicios<\/span><\/h1><div class=\"sc_content_container\"><\/div><\/div><!-- \/.sc_content -->[vc_empty_space alter_height=&#8221;large&#8221; hide_on_wide=&#8221;&#8221; hide_on_desktop=&#8221;&#8221; hide_on_notebook=&#8221;&#8221; hide_on_tablet=&#8221;&#8221; hide_on_mobile=&#8221;1&#8243;][vc_empty_space alter_height=&#8221;large&#8221; hide_on_wide=&#8221;&#8221; hide_on_desktop=&#8221;&#8221; hide_on_notebook=&#8221;&#8221; hide_on_tablet=&#8221;&#8221; hide_on_mobile=&#8221;1&#8243;][\/vc_column][vc_column width=&#8221;1\/2&#8243; icons_position=&#8221;left&#8221; offset=&#8221;vc_hidden-sm vc_hidden-xs&#8221;][\/vc_column][\/vc_row][vc_row full_width=&#8221;stretch_row_content&#8221; content_placement=&#8221;middle&#8221; shape_divider_top_front=&#8221;&#8221; shape_divider_bottom_front=&#8221;&#8221; row_delimiter=&#8221;&#8221; row_hide_unfixed=&#8221;&#8221; hide_on_wide=&#8221;&#8221; hide_on_desktop=&#8221;1&#8243; hide_on_notebook=&#8221;1&#8243; hide_on_tablet=&#8221;1&#8243; hide_on_mobile=&#8221;&#8221; hide_on_frontpage=&#8221;&#8221; hide_on_singular=&#8221;&#8221; hide_on_other=&#8221;&#8221; css=&#8221;.vc_custom_1702398581468{background-image: url(https:\/\/ucb.edu.bo\/biblioteca\/wp-content\/uploads\/2023\/12\/BIBL_-11-3-min.jpg?id=2687) !important;background-position: center !important;background-repeat: no-repeat !important;background-size: cover !important;}&#8221; el_class=&#8221;banner-grl-ucb&#8221;][vc_column icons_position=&#8221;left&#8221; css=&#8221;.vc_custom_1702398437822{background-size: cover !important;}&#8221;][vc_empty_space alter_height=&#8221;large&#8221; hide_on_wide=&#8221;&#8221; hide_on_desktop=&#8221;&#8221; hide_on_notebook=&#8221;&#8221; hide_on_tablet=&#8221;&#8221; hide_on_mobile=&#8221;1&#8243;][vc_empty_space alter_height=&#8221;large&#8221; hide_on_wide=&#8221;&#8221; hide_on_desktop=&#8221;&#8221; hide_on_notebook=&#8221;&#8221; hide_on_tablet=&#8221;&#8221; hide_on_mobile=&#8221;1&#8243;]<div id=\"sc_content_944474073\"\n\t\tclass=\"sc_content sc_content_default sc_content_width_1_1 sc_float_center ucb-titulo-banner1\"><h1 class=\"sc_item_title sc_content_title sc_align_left sc_item_title_style_default sc_item_title_tag trx_addons_inline_199387489\"><span class=\"sc_item_title_text\">Servicios<\/span><\/h1><div class=\"sc_content_container\"><\/div><\/div><!-- \/.sc_content -->[vc_empty_space alter_height=&#8221;large&#8221; hide_on_wide=&#8221;&#8221; hide_on_desktop=&#8221;&#8221; hide_on_notebook=&#8221;&#8221; hide_on_tablet=&#8221;&#8221; hide_on_mobile=&#8221;1&#8243;][vc_empty_space alter_height=&#8221;large&#8221; hide_on_wide=&#8221;&#8221; hide_on_desktop=&#8221;&#8221; hide_on_notebook=&#8221;&#8221; hide_on_tablet=&#8221;&#8221; hide_on_mobile=&#8221;1&#8243;][\/vc_column][\/vc_row][vc_row][vc_column icons_position=&#8221;left&#8221;][\/vc_column][\/vc_row][vc_row full_width=&#8221;stretch_row_content&#8221;][vc_column icons_position=&#8221;left&#8221;]<div id=\"sc_title_151156279\"\n\t\tclass=\"sc_title sc_title_accent\"><h2 class=\"sc_item_title sc_title_title sc_align_center sc_item_title_style_accent sc_item_title_tag\"><span class=\"sc_item_title_text\">Servicios<\/span><\/h2><\/div><!-- \/.sc_title --><div id=\"sc_services_1309048651\" class=\"sc_services sc_services_default sc_services_featured_top servicios-ucb\"><div class=\"sc_services_columns_wrap sc_item_columns sc_item_posts_container sc_item_columns_3 trx_addons_columns_wrap columns_padding_bottom\"><div class=\"trx_addons_column-1_3\"><div data-post-id=\"225\" class=\"sc_services_item no_links with_content with_image sc_services_item_featured_top post-225 cpt_services type-cpt_services status-publish has-post-thumbnail hentry cpt_services_group-our-services\">\n\t<div class=\"post_featured with_thumb hover_dots sc_services_item_thumb\"><img loading=\"lazy\" decoding=\"async\" width=\"406\" height=\"228\" src=\"https:\/\/ucb.edu.bo\/biblioteca\/wp-content\/uploads\/2018\/01\/ucb_57aniversario-e1702513466323-406x228.jpg\" class=\"attachment-scientia-thumb-med size-scientia-thumb-med wp-post-image\" alt=\"\" srcset=\"https:\/\/ucb.edu.bo\/biblioteca\/wp-content\/uploads\/2018\/01\/ucb_57aniversario-e1702513466323-406x228.jpg 406w, https:\/\/ucb.edu.bo\/biblioteca\/wp-content\/uploads\/2018\/01\/ucb_57aniversario-e1702513466323-270x152.jpg 270w\" sizes=\"auto, (max-width: 406px) 100vw, 406px\" \/>\t\t\t\t\t\t<div class=\"mask\"><\/div>\n\t\t\t\t\t\t\t\t\t<a href=\"javascript:void(0)\"  aria-hidden=\"true\" class=\"icons\"><span><\/span><span><\/span><span><\/span><\/a>\n\t\t\t<\/div>\t\n\t<div class=\"sc_services_item_info\">\n\t\t\t\t<div class=\"sc_services_item_header\">\n\t\t\t\t\t\t<h4 class=\"sc_services_item_title entry-title\">Cat\u00e1logo en l\u00ednea<\/h4>\n\t\t\t\t\t\t<div class=\"sc_services_item_subtitle\"><span data-href=\"https:\/\/ucb.edu.bo\/biblioteca\/services_group\/our-services\/\" title=\"View all posts in Our Services\">Our Services<\/span><\/div>\n\t\t\t\t\t\t\t\t<\/div>\n\t\t\t\t\t\t\t<div class=\"sc_services_item_content\"><p>Este cat\u00e1logo permite visualizar todos los registros de las colecciones con las que cuenta el Sistema Nacional de Bibliotecas, facilitando la reserva y el pr\u00e9stamo de material bibliogr\u00e1fico.<\/p>\n<\/div><\/div>\n<\/div>\n<\/div><div class=\"trx_addons_column-1_3\"><div data-post-id=\"233\" class=\"sc_services_item no_links with_content with_image sc_services_item_featured_top post-233 cpt_services type-cpt_services status-publish has-post-thumbnail hentry cpt_services_group-our-services\">\n\t<div class=\"post_featured with_thumb hover_dots sc_services_item_thumb\"><img loading=\"lazy\" decoding=\"async\" width=\"406\" height=\"228\" src=\"https:\/\/ucb.edu.bo\/biblioteca\/wp-content\/uploads\/2018\/01\/8-4-406x228.webp\" class=\"attachment-scientia-thumb-med size-scientia-thumb-med wp-post-image\" alt=\"\" srcset=\"https:\/\/ucb.edu.bo\/biblioteca\/wp-content\/uploads\/2018\/01\/8-4-406x228.webp 406w, https:\/\/ucb.edu.bo\/biblioteca\/wp-content\/uploads\/2018\/01\/8-4-1278x719.webp 1278w, https:\/\/ucb.edu.bo\/biblioteca\/wp-content\/uploads\/2018\/01\/8-4-842x474.webp 842w, https:\/\/ucb.edu.bo\/biblioteca\/wp-content\/uploads\/2018\/01\/8-4-270x152.webp 270w\" sizes=\"auto, (max-width: 406px) 100vw, 406px\" \/>\t\t\t\t\t\t<div class=\"mask\"><\/div>\n\t\t\t\t\t\t\t\t\t<a href=\"javascript:void(0)\"  aria-hidden=\"true\" class=\"icons\"><span><\/span><span><\/span><span><\/span><\/a>\n\t\t\t<\/div>\t\n\t<div class=\"sc_services_item_info\">\n\t\t\t\t<div class=\"sc_services_item_header\">\n\t\t\t\t\t\t<h4 class=\"sc_services_item_title entry-title\">Pr\u00e9stamos de material bibliogr\u00e1fico a usuarios internos y externos<\/h4>\n\t\t\t\t\t\t<div class=\"sc_services_item_subtitle\"><span data-href=\"https:\/\/ucb.edu.bo\/biblioteca\/services_group\/our-services\/\" title=\"View all posts in Our Services\">Our Services<\/span><\/div>\n\t\t\t\t\t\t\t\t<\/div>\n\t\t\t\t\t\t\t<div class=\"sc_services_item_content\"><p>El pr\u00e9stamo de material bibliogr\u00e1fico a usuarios internos puede ser en sala y a domicilio, excepto algunos material de colecciones especiales<\/p>\n<p>Y en caso de usuarios externos el pr\u00e9stamo solo es en sala.<\/p>\n<\/div><\/div>\n<\/div>\n<\/div><div class=\"trx_addons_column-1_3\"><div data-post-id=\"234\" class=\"sc_services_item no_links with_content with_image sc_services_item_featured_top post-234 cpt_services type-cpt_services status-publish has-post-thumbnail hentry cpt_services_group-our-services\">\n\t<div class=\"post_featured with_thumb hover_dots sc_services_item_thumb\"><img loading=\"lazy\" decoding=\"async\" width=\"406\" height=\"228\" src=\"https:\/\/ucb.edu.bo\/biblioteca\/wp-content\/uploads\/2018\/01\/BIBL_-7-2-406x228.webp\" class=\"attachment-scientia-thumb-med size-scientia-thumb-med wp-post-image\" alt=\"\" srcset=\"https:\/\/ucb.edu.bo\/biblioteca\/wp-content\/uploads\/2018\/01\/BIBL_-7-2-406x228.webp 406w, https:\/\/ucb.edu.bo\/biblioteca\/wp-content\/uploads\/2018\/01\/BIBL_-7-2-1278x719.webp 1278w, https:\/\/ucb.edu.bo\/biblioteca\/wp-content\/uploads\/2018\/01\/BIBL_-7-2-842x474.webp 842w, https:\/\/ucb.edu.bo\/biblioteca\/wp-content\/uploads\/2018\/01\/BIBL_-7-2-270x152.webp 270w\" sizes=\"auto, (max-width: 406px) 100vw, 406px\" \/>\t\t\t\t\t\t<div class=\"mask\"><\/div>\n\t\t\t\t\t\t\t\t\t<a href=\"javascript:void(0)\"  aria-hidden=\"true\" class=\"icons\"><span><\/span><span><\/span><span><\/span><\/a>\n\t\t\t<\/div>\t\n\t<div class=\"sc_services_item_info\">\n\t\t\t\t<div class=\"sc_services_item_header\">\n\t\t\t\t\t\t<h4 class=\"sc_services_item_title entry-title\">Pr\u00e9stamo inter-bibliotecario<\/h4>\n\t\t\t\t\t\t<div class=\"sc_services_item_subtitle\"><span data-href=\"https:\/\/ucb.edu.bo\/biblioteca\/services_group\/our-services\/\" title=\"View all posts in Our Services\">Our Services<\/span><\/div>\n\t\t\t\t\t\t\t\t<\/div>\n\t\t\t\t\t\t\t<div class=\"sc_services_item_content\"><p>Pr\u00e9stamo inter-bibliotecario, consiste en facilitar el  acceso de material bibliogr\u00e1fico de una Sede a otra.<\/p>\n<\/div><\/div>\n<\/div>\n<\/div><div class=\"trx_addons_column-1_3\"><div data-post-id=\"235\" class=\"sc_services_item no_links with_content with_image sc_services_item_featured_top post-235 cpt_services type-cpt_services status-publish has-post-thumbnail hentry cpt_services_group-our-services\">\n\t<div class=\"post_featured with_thumb hover_dots sc_services_item_thumb\"><img loading=\"lazy\" decoding=\"async\" width=\"406\" height=\"228\" src=\"https:\/\/ucb.edu.bo\/biblioteca\/wp-content\/uploads\/2018\/01\/visita-guiada-min-406x228.jpg\" class=\"attachment-scientia-thumb-med size-scientia-thumb-med wp-post-image\" alt=\"\" srcset=\"https:\/\/ucb.edu.bo\/biblioteca\/wp-content\/uploads\/2018\/01\/visita-guiada-min-406x228.jpg 406w, https:\/\/ucb.edu.bo\/biblioteca\/wp-content\/uploads\/2018\/01\/visita-guiada-min-1278x719.jpg 1278w, https:\/\/ucb.edu.bo\/biblioteca\/wp-content\/uploads\/2018\/01\/visita-guiada-min-842x474.jpg 842w, https:\/\/ucb.edu.bo\/biblioteca\/wp-content\/uploads\/2018\/01\/visita-guiada-min-270x152.jpg 270w\" sizes=\"auto, (max-width: 406px) 100vw, 406px\" \/>\t\t\t\t\t\t<div class=\"mask\"><\/div>\n\t\t\t\t\t\t\t\t\t<a href=\"javascript:void(0)\"  aria-hidden=\"true\" class=\"icons\"><span><\/span><span><\/span><span><\/span><\/a>\n\t\t\t<\/div>\t\n\t<div class=\"sc_services_item_info\">\n\t\t\t\t<div class=\"sc_services_item_header\">\n\t\t\t\t\t\t<h4 class=\"sc_services_item_title entry-title\">Visita guiada de los ambientes<\/h4>\n\t\t\t\t\t\t<div class=\"sc_services_item_subtitle\"><span data-href=\"https:\/\/ucb.edu.bo\/biblioteca\/services_group\/our-services\/\" title=\"View all posts in Our Services\">Our Services<\/span><\/div>\n\t\t\t\t\t\t\t\t<\/div>\n\t\t\t\t\t\t\t<div class=\"sc_services_item_content\"><p>Recorrido por los espacios de la Biblioteca en grupo y con la ayuda de un bibliotecario, qui\u00e9n explica todos los servicios con los que se cuenta., previa solicitud a Biblioteca por un docente o grupo.<\/p>\n<\/div><\/div>\n<\/div>\n<\/div><div class=\"trx_addons_column-1_3\"><div data-post-id=\"236\" class=\"sc_services_item no_links with_content with_image sc_services_item_featured_top post-236 cpt_services type-cpt_services status-publish has-post-thumbnail hentry cpt_services_group-our-services\">\n\t<div class=\"post_featured with_thumb hover_dots sc_services_item_thumb\"><img loading=\"lazy\" decoding=\"async\" width=\"406\" height=\"228\" src=\"https:\/\/ucb.edu.bo\/biblioteca\/wp-content\/uploads\/2018\/01\/20-2-406x228.webp\" class=\"attachment-scientia-thumb-med size-scientia-thumb-med wp-post-image\" alt=\"\" srcset=\"https:\/\/ucb.edu.bo\/biblioteca\/wp-content\/uploads\/2018\/01\/20-2-406x228.webp 406w, https:\/\/ucb.edu.bo\/biblioteca\/wp-content\/uploads\/2018\/01\/20-2-1278x719.webp 1278w, https:\/\/ucb.edu.bo\/biblioteca\/wp-content\/uploads\/2018\/01\/20-2-842x474.webp 842w, https:\/\/ucb.edu.bo\/biblioteca\/wp-content\/uploads\/2018\/01\/20-2-270x152.webp 270w\" sizes=\"auto, (max-width: 406px) 100vw, 406px\" \/>\t\t\t\t\t\t<div class=\"mask\"><\/div>\n\t\t\t\t\t\t\t\t\t<a href=\"javascript:void(0)\"  aria-hidden=\"true\" class=\"icons\"><span><\/span><span><\/span><span><\/span><\/a>\n\t\t\t<\/div>\t\n\t<div class=\"sc_services_item_info\">\n\t\t\t\t<div class=\"sc_services_item_header\">\n\t\t\t\t\t\t<h4 class=\"sc_services_item_title entry-title\">Capacitaciones<\/h4>\n\t\t\t\t\t\t<div class=\"sc_services_item_subtitle\"><span data-href=\"https:\/\/ucb.edu.bo\/biblioteca\/services_group\/our-services\/\" title=\"View all posts in Our Services\">Our Services<\/span><\/div>\n\t\t\t\t\t\t\t\t<\/div>\n\t\t\t\t\t\t\t<div class=\"sc_services_item_content\"><p>Las capacitaciones son realizadas para orientar y guiar en el uso adecuado de los recursos virtuales y operadores bol\u00e9anos en la b\u00fasqueda y acceso a la informaci\u00f3n.<\/p>\n<\/div><\/div>\n<\/div>\n<\/div><div class=\"trx_addons_column-1_3\"><div data-post-id=\"237\" class=\"sc_services_item no_links with_content with_image sc_services_item_featured_top post-237 cpt_services type-cpt_services status-publish has-post-thumbnail hentry cpt_services_group-our-services\">\n\t<div class=\"post_featured with_thumb hover_dots sc_services_item_thumb\"><img loading=\"lazy\" decoding=\"async\" width=\"406\" height=\"228\" src=\"https:\/\/ucb.edu.bo\/biblioteca\/wp-content\/uploads\/2018\/01\/8-5-406x228.webp\" class=\"attachment-scientia-thumb-med size-scientia-thumb-med wp-post-image\" alt=\"\" srcset=\"https:\/\/ucb.edu.bo\/biblioteca\/wp-content\/uploads\/2018\/01\/8-5-406x228.webp 406w, https:\/\/ucb.edu.bo\/biblioteca\/wp-content\/uploads\/2018\/01\/8-5-1278x719.webp 1278w, https:\/\/ucb.edu.bo\/biblioteca\/wp-content\/uploads\/2018\/01\/8-5-842x474.webp 842w, https:\/\/ucb.edu.bo\/biblioteca\/wp-content\/uploads\/2018\/01\/8-5-270x152.webp 270w\" sizes=\"auto, (max-width: 406px) 100vw, 406px\" \/>\t\t\t\t\t\t<div class=\"mask\"><\/div>\n\t\t\t\t\t\t\t\t\t<a href=\"javascript:void(0)\"  aria-hidden=\"true\" class=\"icons\"><span><\/span><span><\/span><span><\/span><\/a>\n\t\t\t<\/div>\t\n\t<div class=\"sc_services_item_info\">\n\t\t\t\t<div class=\"sc_services_item_header\">\n\t\t\t\t\t\t<h4 class=\"sc_services_item_title entry-title\">Pr\u00e9stamo de ambientes<\/h4>\n\t\t\t\t\t\t<div class=\"sc_services_item_subtitle\"><span data-href=\"https:\/\/ucb.edu.bo\/biblioteca\/services_group\/our-services\/\" title=\"View all posts in Our Services\">Our Services<\/span><\/div>\n\t\t\t\t\t\t\t\t<\/div>\n\t\t\t\t\t\t\t<div class=\"sc_services_item_content\"><p>Todas las Bibliotecas de la UCB, brindan sus espacios para que los usuarios puedan realizar sus trabajos de investigaci\u00f3n y\/o acad\u00e9micos.<\/p>\n<\/div><\/div>\n<\/div>\n<\/div><div class=\"trx_addons_column-1_3\"><div data-post-id=\"2265\" class=\"sc_services_item no_links with_content with_image sc_services_item_featured_top post-2265 cpt_services type-cpt_services status-publish has-post-thumbnail hentry cpt_services_group-our-services\">\n\t<div class=\"post_featured with_thumb hover_dots sc_services_item_thumb\"><img loading=\"lazy\" decoding=\"async\" width=\"406\" height=\"228\" src=\"https:\/\/ucb.edu.bo\/biblioteca\/wp-content\/uploads\/2023\/11\/repositorio-406x228.png\" class=\"attachment-scientia-thumb-med size-scientia-thumb-med wp-post-image\" alt=\"\" srcset=\"https:\/\/ucb.edu.bo\/biblioteca\/wp-content\/uploads\/2023\/11\/repositorio-406x228.png 406w, https:\/\/ucb.edu.bo\/biblioteca\/wp-content\/uploads\/2023\/11\/repositorio-270x152.png 270w\" sizes=\"auto, (max-width: 406px) 100vw, 406px\" \/>\t\t\t\t\t\t<div class=\"mask\"><\/div>\n\t\t\t\t\t\t\t\t\t<a href=\"javascript:void(0)\"  aria-hidden=\"true\" class=\"icons\"><span><\/span><span><\/span><span><\/span><\/a>\n\t\t\t<\/div>\t\n\t<div class=\"sc_services_item_info\">\n\t\t\t\t<div class=\"sc_services_item_header\">\n\t\t\t\t\t\t<h4 class=\"sc_services_item_title entry-title\">Repositorio institucional<\/h4>\n\t\t\t\t\t\t<div class=\"sc_services_item_subtitle\"><span data-href=\"https:\/\/ucb.edu.bo\/biblioteca\/services_group\/our-services\/\" title=\"View all posts in Our Services\">Our Services<\/span><\/div>\n\t\t\t\t\t\t\t\t<\/div>\n\t\t\t\t\t\t\t<div class=\"sc_services_item_content\"><p>Plataforma digital de preservaci\u00f3n, acceso y difusi\u00f3n  de la producci\u00f3n intelectual &#8211; UCB, en acceso abierto. (art\u00edculos, papers, textos, cap\u00edtulos de libros, libros, videos y otros).<\/p>\n<\/div><\/div>\n<\/div>\n<\/div><\/div><\/div><!-- \/.sc_services -->[vc_row_inner][vc_column_inner icons_position=&#8221;left&#8221;][\/vc_column_inner][\/vc_row_inner][\/vc_column][\/vc_row][vc_row full_width=&#8221;stretch_row&#8221; equal_height=&#8221;yes&#8221; content_placement=&#8221;middle&#8221; hide_bg_image_on_tablet=&#8221;&#8221; hide_bg_image_on_mobile=&#8221;&#8221; css=&#8221;.vc_custom_1702011014265{background-size: cover !important;}&#8221; el_class=&#8221;sec-form-ucb&#8221;][vc_column icons_position=&#8221;left&#8221; offset=&#8221;vc_col-md-5&#8243; el_class=&#8221;form-ucb&#8221;][vc_empty_space alter_height=&#8221;medium&#8221; hide_on_wide=&#8221;&#8221; hide_on_desktop=&#8221;&#8221; hide_on_notebook=&#8221;&#8221; hide_on_tablet=&#8221;&#8221; hide_on_mobile=&#8221;&#8221;][vc_empty_space alter_height=&#8221;small&#8221; hide_on_wide=&#8221;&#8221; hide_on_desktop=&#8221;&#8221; hide_on_notebook=&#8221;&#8221; hide_on_tablet=&#8221;&#8221; hide_on_mobile=&#8221;&#8221;]<div id=\"sc_title_175102029\"\n\t\tclass=\"sc_title sc_title_accent\"><h2 class=\"sc_item_title sc_title_title sc_align_left sc_item_title_style_accent sc_item_title_tag trx_addons_inline_1290917000\"><span class=\"sc_item_title_text\">Cont\u00e1ctanos<\/span><\/h2><\/div><!-- \/.sc_title -->[vc_column_text]<span style=\"color: #ffffff;\">Si tiene alguna pregunta, no dude en ponerse en contacto y le responderemos tan pronto como podamos.<\/span>[\/vc_column_text]<div class=\"wpforms-container wpforms-container-full wpforms-render-modern\" id=\"wpforms-2209\"><form id=\"wpforms-form-2209\" class=\"wpforms-validate wpforms-form wpforms-ajax-form\" data-formid=\"2209\" method=\"post\" enctype=\"multipart\/form-data\" action=\"\/biblioteca\/wp-json\/wp\/v2\/pages\/238\" data-token=\"def865c4a3486612d9461161de046546\" data-token-time=\"1775379326\"><noscript class=\"wpforms-error-noscript\">Por favor, activa JavaScript en tu navegador para completar este formulario.<\/noscript><div class=\"wpforms-hidden\" id=\"wpforms-error-noscript\">Por favor, activa JavaScript en tu navegador para completar este formulario.<\/div><div class=\"wpforms-field-container\"><div id=\"wpforms-2209-field_0-container\" class=\"wpforms-field wpforms-field-name\" data-field-id=\"0\"><label class=\"wpforms-field-label\" for=\"wpforms-2209-field_0\">Nombre <span class=\"wpforms-required-label\" aria-hidden=\"true\">*<\/span><\/label><input type=\"text\" id=\"wpforms-2209-field_0\" class=\"wpforms-field-large wpforms-field-required\" name=\"wpforms[fields][0]\" aria-errormessage=\"wpforms-2209-field_0-error\" required><\/div><div id=\"wpforms-2209-field_1-container\" class=\"wpforms-field wpforms-field-email\" data-field-id=\"1\"><label class=\"wpforms-field-label\" for=\"wpforms-2209-field_1\">Correo electr\u00f3nico <span class=\"wpforms-required-label\" aria-hidden=\"true\">*<\/span><\/label><input type=\"email\" id=\"wpforms-2209-field_1\" class=\"wpforms-field-large wpforms-field-required\" name=\"wpforms[fields][1]\" spellcheck=\"false\" aria-errormessage=\"wpforms-2209-field_1-error\" required><\/div><div id=\"wpforms-2209-field_2-container\" class=\"wpforms-field wpforms-field-textarea\" data-field-id=\"2\"><label class=\"wpforms-field-label\" for=\"wpforms-2209-field_2\">Comentario o mensaje<\/label><textarea id=\"wpforms-2209-field_2\" class=\"wpforms-field-large\" name=\"wpforms[fields][2]\" aria-errormessage=\"wpforms-2209-field_2-error\" ><\/textarea><\/div><\/div><!-- .wpforms-field-container --><div class=\"wpforms-submit-container\" ><input type=\"hidden\" name=\"wpforms[id]\" value=\"2209\"><input type=\"hidden\" name=\"page_title\" value=\"\"><input type=\"hidden\" name=\"page_url\" value=\"https:\/\/ucb.edu.bo\/biblioteca\/wp-json\/wp\/v2\/pages\/238\"><button type=\"submit\" name=\"wpforms[submit]\" id=\"wpforms-submit-2209\" class=\"wpforms-submit\" data-alt-text=\"Enviando...\" data-submit-text=\"Enviar\" aria-live=\"assertive\" value=\"wpforms-submit\">Enviar<\/button><img loading=\"lazy\" decoding=\"async\" src=\"https:\/\/ucb.edu.bo\/biblioteca\/wp-content\/plugins\/wpforms-lite\/assets\/images\/submit-spin.svg\" class=\"wpforms-submit-spinner\" style=\"display: none;\" width=\"26\" height=\"26\" alt=\"Cargando\"><\/div><\/form><\/div>  <!-- .wpforms-container -->[\/vc_column][\/vc_row]<\/p>\n<\/section>","protected":false},"excerpt":{"rendered":"<p>[vc_row full_width=&#8221;stretch_row_content&#8221; content_placement=&#8221;middle&#8221; hide_bg_image_on_tablet=&#8221;&#8221; hide_bg_image_on_mobile=&#8221;&#8221; shape_divider_top_front=&#8221;&#8221; shape_divider_bottom_front=&#8221;&#8221; row_delimiter=&#8221;&#8221; row_hide_unfixed=&#8221;&#8221; hide_on_wide=&#8221;&#8221; hide_on_desktop=&#8221;&#8221; hide_on_notebook=&#8221;&#8221;&hellip;<\/p>\n","protected":false},"author":1,"featured_media":0,"parent":0,"menu_order":0,"comment_status":"closed","ping_status":"closed","template":"","meta":{"footnotes":""},"class_list":["post-238","page","type-page","status-publish","hentry"],"_links":{"self":[{"href":"https:\/\/ucb.edu.bo\/biblioteca\/wp-json\/wp\/v2\/pages\/238","targetHints":{"allow":["GET"]}}],"collection":[{"href":"https:\/\/ucb.edu.bo\/biblioteca\/wp-json\/wp\/v2\/pages"}],"about":[{"href":"https:\/\/ucb.edu.bo\/biblioteca\/wp-json\/wp\/v2\/types\/page"}],"author":[{"embeddable":true,"href":"https:\/\/ucb.edu.bo\/biblioteca\/wp-json\/wp\/v2\/users\/1"}],"replies":[{"embeddable":true,"href":"https:\/\/ucb.edu.bo\/biblioteca\/wp-json\/wp\/v2\/comments?post=238"}],"version-history":[{"count":30,"href":"https:\/\/ucb.edu.bo\/biblioteca\/wp-json\/wp\/v2\/pages\/238\/revisions"}],"predecessor-version":[{"id":3199,"href":"https:\/\/ucb.edu.bo\/biblioteca\/wp-json\/wp\/v2\/pages\/238\/revisions\/3199"}],"wp:attachment":[{"href":"https:\/\/ucb.edu.bo\/biblioteca\/wp-json\/wp\/v2\/media?parent=238"}],"curies":[{"name":"wp","href":"https:\/\/api.w.org\/{rel}","templated":true}]}}